{"id":3953,"date":"2021-11-29T20:30:41","date_gmt":"2021-11-29T20:30:41","guid":{"rendered":"https:\/\/obsddhh.ufpso.edu.co\/?page_id=3953"},"modified":"2021-12-02T20:50:42","modified_gmt":"2021-12-02T20:50:42","slug":"datos-informes","status":"publish","type":"page","link":"https:\/\/obsddhh.ufpso.edu.co\/?page_id=3953","title":{"rendered":"Datos\/informes"},"content":{"rendered":"\n<h2 class=\"wp-block-heading\">Datos<\/h2>\n\n\n\n<p>El Observatorio de Derechos Humanos pone a disposici\u00f3n de sus visitantes las bases de datos, cuestionarios y fichas t\u00e9cnicas de las muestras nacionales de Oca\u00f1a desde 2019, al igual que de las muestras especiales realizadas. El usuario que desee acceder a esta informaci\u00f3n debe aceptar las condiciones de uso de las bases de datos que solicitan su adhesi\u00f3n a la protecci\u00f3n de los sujetos, as\u00ed como su compromiso a no proporcionar datos a terceras partes.<\/p>\n\n\n\n<figure class=\"wp-block-table is-style-stripes\"><table class=\"has-fixed-layout\"><thead><tr><th>Estudio<\/th><th>Documento<\/th><th>Tipo de archivo<\/th><\/tr><\/thead><tbody><tr><td>Instrumento de aplicaci\u00f3n Muestra 2019 Bar\u00f3metro 2019<\/td><td><a href=\"https:\/\/bit.ly\/3xMzQGD\" target=\"_blank\" rel=\"noreferrer noopener\">https:\/\/bit.ly\/3xMzQGD<\/a><\/td><td>.DOC<\/td><\/tr><tr><td>Desarrollador de datos Bar\u00f3metro Oca\u00f1a 2019 <\/td><td><a href=\"https:\/\/bit.ly\/3lxBV4b\" target=\"_blank\" rel=\"noreferrer noopener\">https:\/\/bit.ly\/3lxBV4b<\/a><\/td><td>STATA<\/td><\/tr><tr><td>Instrumento de aplicaci\u00f3n muestra 2021<\/td><td><a href=\"https:\/\/bit.ly\/3ltMoO2\" target=\"_blank\" rel=\"noreferrer noopener\">https:\/\/bit.ly\/3ltMoO2<\/a><\/td><td>.DOC<\/td><\/tr><tr><td>Desarrollador de datos Bar\u00f3metro Oca\u00f1a 2021<\/td><td><a href=\"https:\/\/bit.ly\/3ohMiuT\" target=\"_blank\" rel=\"noreferrer noopener\">https:\/\/bit.ly\/3ohMiuT<\/a><\/td><td>STATA<\/td><\/tr><\/tbody><\/table><\/figure>\n","protected":false},"excerpt":{"rendered":"<p>Datos El Observatorio de Derechos Humanos pone a disposici\u00f3n de sus visitantes las bases de datos, cuestionarios y fichas t\u00e9cnicas de las muestras nacionales de Oca\u00f1a desde 2019, al igual que de las muestras especiales realizadas. El usuario que desee acceder a esta informaci\u00f3n debe aceptar las condiciones de uso de las bases de datos&hellip;&nbsp;<a href=\"https:\/\/obsddhh.ufpso.edu.co\/?page_id=3953\" class=\"\" rel=\"bookmark\">Leer m\u00e1s &raquo;<span class=\"screen-reader-text\">Datos\/informes<\/span><\/a><\/p>\n","protected":false},"author":1,"featured_media":0,"parent":0,"menu_order":0,"comment_status":"closed","ping_status":"closed","template":"","meta":{"neve_meta_sidebar":"","neve_meta_container":"","neve_meta_enable_content_width":"","neve_meta_content_width":0,"neve_meta_title_alignment":"","neve_meta_author_avatar":"","neve_post_elements_order":"","neve_meta_disable_header":"","neve_meta_disable_footer":"","neve_meta_disable_title":"","footnotes":""},"class_list":["post-3953","page","type-page","status-publish","hentry"],"_links":{"self":[{"href":"https:\/\/obsddhh.ufpso.edu.co\/index.php?rest_route=\/wp\/v2\/pages\/3953","targetHints":{"allow":["GET"]}}],"collection":[{"href":"https:\/\/obsddhh.ufpso.edu.co\/index.php?rest_route=\/wp\/v2\/pages"}],"about":[{"href":"https:\/\/obsddhh.ufpso.edu.co\/index.php?rest_route=\/wp\/v2\/types\/page"}],"author":[{"embeddable":true,"href":"https:\/\/obsddhh.ufpso.edu.co\/index.php?rest_route=\/wp\/v2\/users\/1"}],"replies":[{"embeddable":true,"href":"https:\/\/obsddhh.ufpso.edu.co\/index.php?rest_route=%2Fwp%2Fv2%2Fcomments&post=3953"}],"version-history":[{"count":2,"href":"https:\/\/obsddhh.ufpso.edu.co\/index.php?rest_route=\/wp\/v2\/pages\/3953\/revisions"}],"predecessor-version":[{"id":4069,"href":"https:\/\/obsddhh.ufpso.edu.co\/index.php?rest_route=\/wp\/v2\/pages\/3953\/revisions\/4069"}],"wp:attachment":[{"href":"https:\/\/obsddhh.ufpso.edu.co\/index.php?rest_route=%2Fwp%2Fv2%2Fmedia&parent=3953"}],"curies":[{"name":"wp","href":"https:\/\/api.w.org\/{rel}","templated":true}]}}